). Let w(d) = d**2 + 8*d - 11. What is the tens digit of w(s)?
2
Let x(g) = 5*g**2 + 12*g + 13. Let k(t) = -2*t**2 - 6*t - 7. Let o = -10 + 17. Let h(q) = o*k(q) + 3*x(q). What is the units digit of h(9)?
7
Suppose -43 = -2*d + 35. Suppose -5*m + 2*v + 11 = -d, 5*m = 5*v + 50. Suppose t = m + 11. What is the units digit of t?
1
Suppose -6 = -3*b + 3. Suppose l = 4*v + 56, 10 = 4*l + b*v - 138. What is the units digit of l?
0
Let b(s) = -14*s**3 - 2*s - 1. Suppose 3*f - 3 = -0*g + 3*g, 13 = -5*f - 4*g. What is the tens digit of b(f)?
1
What is the units digit of -2 - 6/9*-21?
2
Let j = 39 - -60. What is the tens digit of j?
9
Let n(v) = v**3 - 4*v + 3. Let c be n(2). Suppose 2*f + 5 = -c, -m + 26 = -3*f. What is the tens digit of m?
1
Suppose -k - 4*i + 2*i + 39 = 0, -4*i = 5*k - 189. Suppose -k - 33 = -2*g. What is the tens digit of g?
3
Let k be (14/(-2) - -1)*3. Let i be 10/4*k/15. What is the units digit of 6/(-2) - i - -7?
7
What is the units digit of 0 + (62 + 1 - 1)?
2
What is the tens digit of -4*-4*(-2 + 3)?
1
What is the tens digit of 25 + (-4 - -1 - -3)?
2
Let c = 8 - 5. Let d be (-2)/(-15) - (-301)/105. What is the units digit of (5 + c)/(d + -1)?
4
Let d(v) be the third derivative of -v**6/120 + v**5/60 + v**4/24 + 13*v**3/3 + 3*v**2. What is the tens digit of d(0)?
2
Let t = -36 + 113. What is the units digit of t?
7
Suppose -70 = -2*m - 3*m. What is the units digit of m?
4
What is the tens digit of 828/27*-6*(-2)/8?
4
Suppose -52 = -q - 3*q - d, 39 = 3*q + 2*d. Suppose 0 = 5*y - 43 + q. What is the units digit of y?
6
Let j = 26 + -5. What is the tens digit of j?
2
Let o(p) = -p**3 - 5*p**2 - 2*p - 5. Suppose -7*i + 2*i - 45 = 0. Let u be (i + 6)*(-10)/(-6). What is the units digit of o(u)?
5
Let w(h) = h**3 - 3*h**2 + 7*h + 2. What is the units digit of w(5)?
7
Let v = 14 + -20. Let a = 1 - v. Suppose m = -0*m + a. What is the units digit of m?
7
Suppose 13*x = 1049 + 745. What is the tens digit of x?
3
Let u = -20 + 29. Let n(w) = 13*w**3 - 11*w**2 - 20*w + 5. Let v(p) = 3*p**3 - 3*p**2 - 5*p + 1. Let j(l) = u*v(l) - 2*n(l). What is the units digit of j(6)?
5
Let k(h) = h**3 - 9*h**2 + 3*h - 1. Let u be (-6)/(3 + 22/(-6)). What is the tens digit of k(u)?
2
Suppose -9 = -a + 34. What is the tens digit of a?
4
Let v(c) = -5*c - 6*c + 2*c. What is the units digit of v(-1)?
9
Let a = -5 + 6. Let p = a + -2. What is the units digit of ((1 - 1) + p)/(-1)?
1
Suppose -5*u - 7 = 2*b, 3*b + 0*u + 2*u - 17 = 0. What is the tens digit of 1 + 1/(1/b)?
1
Let l be (19/(-4))/(1/4). Let z be (-2)/(-8) + l/(-4). Suppose 6 = z*v - 2*v. What is the units digit of v?
2
Suppose -5*q = 2*h - 144, -2*q - 2*h = 2*q - 116. What is the tens digit of (-452)/(-14) + (-8)/q?
3
Let a(q) = 6*q - 5. Let y be a(4). Let f = y + -2. Suppose f = 2*m - 1. What is the units digit of m?
9
What is the tens digit of ((-9)/(-15)*-74)/((-6)/15)?
1
Suppose -2*f + 2*p + 11 - 1 = 0, 0 = -p. What is the tens digit of 40/(-6)*(2 - f)?
2
Let c = -342 + 571. What is the units digit of c?
9
Suppose -552 = -7*q + q. What is the units digit of q?
2
Let k(h) = h**2 + h - 2. What is the units digit of k(15)?
8
Suppose 5*o + c = 0, -3*c - 2*c - 22 = 3*o. Let i(u) = -2*u**2 - u + 1. Let z be i(o). What is the units digit of 66/5 + z/10?
3
Suppose 0*u - 5 = -u. Suppose u*s = s - 5*i + 1, 2 = -5*s - 3*i. Let x = 3 + s. What is the units digit of x?
2
Let g be -1 + (1 - -1) + 5. Let k be (1 + -4)/(g/(-4)). Suppose 0 - 12 = -k*c. What is the units digit of c?
6
Let z(p) = -72*p + 20. What is the units digit of z(-2)?
4
Suppose 10 = p - 0*p. What is the tens digit of p?
1
Suppose -27 = 5*f - 82. Suppose -4*u + 5 = -f. Suppose -h + 5*x + 7 = 0, h - 1 = u*x + 5. What is the units digit of h?
2
Let s be (0 - -1) + 6/(-2). Let l be 1 + (0 - 0) + s. What is the units digit of (5 - l)*(0 + 1)?
6
Let i(l) = -l**3 - 12*l**2 + 6. Suppose 0 = -3*t + 3*a - 24, 4*a = -0*a - 16. What is the units digit of i(t)?
6
Suppose 4*x - 2*z = x + 6, -4*x - 4*z = -28. Suppose 0 = -5*h, x*a + 5*h - 172 + 52 = 0. What is the units digit of a/(-4)*(-2)/3?
5
Let a(k) = k**3 - 4*k**2 - 8*k - 3. What is the tens digit of a(7)?
8
Let s(k) = 2 + k**2 + 2*k**2 - 3. What is the tens digit of s(2)?
1
Let r = -182 - -255. What is the tens digit of r?
7
Let d be (-3 + 1)/((-14)/(-7)). Let q = 2 - d. What is the units digit of 9*((-9)/(-3))/q?
9
Let a = 159 - 102. Suppose a = 5*x + 17. What is the units digit of x?
8
What is the units digit of -1 + 1 - (-130)/13?
0
Let v(w) = 2*w**2 + 3*w. Let u be v(-2). Let s(i) = -3*i + 4. Let n(b) = 4*b - 4. Let y(z) = u*n(z) + 3*s(z). What is the units digit of y(3)?
1
Let z(d) = -d**2 - 3*d + 3. Let a be z(-3). Suppose -a*c - 9 = 0, -4*k + 2*k + 2*c + 26 = 0. What is the units digit of k*((-4)/5)/(-1)?
8
Suppose 8*z + 121 - 497 = 0. What is the tens digit of z?
4
Suppose -48 = -3*o + 2*m, 2*o - m - 32 = 3*m. Suppose 4*z = -o, 2*l + 2*z = 47 + 13. What is the units digit of l?
4
Let u be 152/12*(-3)/(-2). What is the tens digit of 5*3/15*u?
1
Let c(p) = -64*p**3 + p**2 - 1. Let s be c(-1). Let x = s + -24. Suppose u - 4*f - 8 = -0*u, 5*u = -f + x. What is the units digit of u?
8
Let c = -8 + 13. Suppose -2*i = -3*f + 5*f - 26, 0 = i + c*f - 25. What is the tens digit of i?
1
Suppose 5*t + v = 486 + 284, -2*t = 2*v - 308. What is the units digit of t?
4
Let t(o) = -o**2 + 7*o - 1. Let z be t(5). Let k = z - 5. What is the units digit of k?
4
What is the units digit of (1/(-2))/((-6)/12)?
1
Suppose 4*r = 6 + 14. Let v = -4 + r. What is the units digit of v?
1
Suppose 0*k - 81 = -m - 5*k, -5*m + 5*k + 525 = 0. What is the units digit of m?
1
Let l be 1*((105 - -2) + -1). Suppose 3*c = -2*m - 0*m - l, -4*c + 2*m = 146. What is the tens digit of 4*-3*39/c?
1
Suppose -2*x - 4*a + 28 = 0, -x + 16 = x + a. Let q(g) = -g - 4. Let d be q(0). Let z = x + d. What is the units digit of z?
2
Let j(p) = -p**3 + 2*p**2 + 2*p - 4. Let o be j(3). Let b(q) = 2*q - 1. Let v be b(2). What is the units digit of (-1*v + 2)*o?
7
Suppose -14 = 4*w + 10. Let a = 10 + w. What is the units digit of a?
4
Let y(s) = s**3 + 14*s**2 + 16*s + 11. Let i be y(-13). Let n(t) = t**2 - 6*t - 3. Let j be n(5). Let b = j - i. What is the units digit of b?
0
Suppose c + 122 = 2*k, -k - 3*c = c - 52. What is the tens digit of k?
6
Let v be (6/(-4))/((-3)/4). Suppose 0*u = u. Suppose -2*r + r + v = u. What is the units digit of r?
2
What is the tens digit of ((-2)/6)/((-14)/2142)?
5
Let o = -69 + 117. Suppose 0 = y + 3*y - o. What is the tens digit of y?
1
Suppose 0 = 4*c - 0*c + 3*k - 57, c + k - 14 = 0. What is the tens digit of c?
1
Let r = 0 + 2. Let k be (-2)/(-7) - (-2)/(-7). Suppose 2*i + 2*x = -k*i + 16, r*x = 5*i - 47. What is the units digit of i?
9
Let a be (3 + -1)/(4/1250). Let n be (-6)/8 + a/(-20). What is the units digit of n/(-14) - (-8)/(-28)?
2
Suppose -4 - 2 = -3*c. Suppose -4*b - 10 = -c*i, 0 = -5*b - 3*i + 5 - 1. Let o = 3 - b. What is the units digit of o?
4
Let f(q) = -1. Let h(m) = -m - 5. Let d(v) = -4*f(v) - h(v). Let r be d(-7). Suppose y + r = 9. What is the units digit of y?
7
Suppose 0 = g - 4*n - 20, -n - 116 - 22 = -5*g. What is the units digit of g?
8
Suppose 135 = 2*g - 3*q, 4*g + 178 = -5*q + 481. What is the units digit of g?
2
What is the tens digit of 4/6 + 256/12?
2
Let h = 8 + -14. Let t be (-3)/6*-2 - h. Suppose -3*o = -2 - t. What is the units digit of o?
3
Suppose -o - 4*o = -35. What is the units digit of o?
7
Suppose -w - 8 = -0*w. Let m(r) = r**3 + 8*r**2 + 2. Let i be m(w). Suppose i*n = 7 + 15. What is the tens digit of n?
1
Let w = 4 - 6. Let r(q) = q**2 - 7*q + 1. Let m be r(6). What is the units digit of w/m - (-13)/5?
3
Let q be ((-2)/(-6))/(1/141). Suppose -5*k + 8 + q = 0. What is the tens digit of k?
1
Suppose 6*a - 9 = 3*a. Let z = a + -3. Let u = z - -1. What is the units digit of u?
1
Suppose -g + 5*g - 176 = 0. What is the tens digit of g?
4
Let x be -1*(-2 + 3 - 3). Suppose x*k - 7*k + 20 = 0. What is the units digit of k?
4
Let r(s) = 20*s - 4. What is the tens digit of r(3)?
5
Suppose 2 = -4*a + 10. Suppose a*p - 3 = 5*p, 5*h = p + 16. Suppose -h*y + 20 = -16. What is the tens digit of y?
1
Let t = -4 - -6. Let g be -7 + 4 - (-54)/t. What is the units digit of 15*